{"id":207,"date":"2024-05-21T16:08:21","date_gmt":"2024-05-21T14:08:21","guid":{"rendered":"https:\/\/laurencepapon.fr\/?page_id=207"},"modified":"2025-11-04T02:40:31","modified_gmt":"2025-11-04T01:40:31","slug":"mes-approches","status":"publish","type":"page","link":"https:\/\/laurencepapon.fr\/index.php\/mes-approches\/","title":{"rendered":"Approches"},"content":{"rendered":"\n<div class=\"wp-block-columns is-layout-flex wp-container-core-columns-is-layout-e0e4babd wp-block-columns-is-layout-flex\" style=\"padding-right:0;padding-left:0\">\n<div class=\"wp-block-column is-layout-flow wp-block-column-is-layout-flow\" style=\"flex-basis:100%\">\n<div class=\"wp-block-columns is-layout-flex wp-container-core-columns-is-layout-28f84493 wp-block-columns-is-layout-flex\">\n<div class=\"wp-block-column is-layout-flow wp-block-column-is-layout-flow\" style=\"padding-right:var(--wp--preset--spacing--30);padding-left:var(--wp--preset--spacing--30);flex-basis:35%\">\n<figure class=\"wp-block-image size-full is-resized is-style-rounded\"><img loading=\"lazy\" decoding=\"async\" width=\"366\" height=\"418\" src=\"http:\/\/laurencepapon.fr\/wp-content\/uploads\/2024\/07\/nnnn-1.jpg\" alt=\"Laurence Papon\nPsychologue  Enfant\" class=\"wp-image-495\" style=\"aspect-ratio:1;object-fit:cover;width:230px;height:auto\" srcset=\"https:\/\/laurencepapon.fr\/wp-content\/uploads\/2024\/07\/nnnn-1.jpg 366w, https:\/\/laurencepapon.fr\/wp-content\/uploads\/2024\/07\/nnnn-1-263x300.jpg 263w\" sizes=\"auto, (max-width: 366px) 100vw, 366px\" \/><figcaption class=\"wp-element-caption\"><em>Saisons&nbsp;\u2013<\/em>&nbsp;<em>Ph. Abril (2015)<\/em><\/figcaption><\/figure>\n<\/div>\n\n\n\n<div class=\"wp-block-column has-medium-font-size is-layout-flow wp-container-core-column-is-layout-b108c007 wp-block-column-is-layout-flow\" style=\"padding-right:0;padding-left:0;flex-basis:70%\">\n<div style=\"height:0px\" aria-hidden=\"true\" class=\"wp-block-spacer\"><\/div>\n\n\n\n<div style=\"text-align: justify; font-size: 14px;transform: translateY(25px);\">\n<i>\nApprenez vos th\u00e9ories aussi bien que vous le pouvez, puis mettez-les de c\u00f4t\u00e9 quand vous entrez en contact avec le vivant miracle de l\u2019\u00e2me humaine.\n<\/i><\/div>\n<div style=\"text-align: right; font-size: 12px;transform: translateY(35px);\"><i> Carl Gustav Jung\n<\/i><\/div>\n\n\n\n<p><\/p>\n\n\n\n<p><\/p>\n\n\n\n<p><\/p>\n\n\n\n<p><\/p>\n\n\n\n<p><\/p>\n\n\n\n<figure class=\"wp-block-image aligncenter size-large is-style-rounded\"><img loading=\"lazy\" decoding=\"async\" width=\"1024\" height=\"164\" src=\"http:\/\/laurencepapon.fr\/wp-content\/uploads\/2024\/10\/psycologue-5-1024x164.png\" alt=\"\" class=\"wp-image-882\" srcset=\"https:\/\/laurencepapon.fr\/wp-content\/uploads\/2024\/10\/psycologue-5-1024x164.png 1024w, https:\/\/laurencepapon.fr\/wp-content\/uploads\/2024\/10\/psycologue-5-300x48.png 300w, https:\/\/laurencepapon.fr\/wp-content\/uploads\/2024\/10\/psycologue-5-768x123.png 768w, https:\/\/laurencepapon.fr\/wp-content\/uploads\/2024\/10\/psycologue-5-1536x246.png 1536w, https:\/\/laurencepapon.fr\/wp-content\/uploads\/2024\/10\/psycologue-5.png 1908w\" sizes=\"auto, (max-width: 1024px) 100vw, 1024px\" \/><\/figure>\n\n\n\n<p><\/p>\n<\/div>\n\n\n\n<div class=\"wp-block-column is-layout-flow wp-block-column-is-layout-flow\"><\/div>\n\n\n\n<div class=\"wp-block-column is-layout-flow wp-block-column-is-layout-flow\" style=\"flex-basis:30%\"><\/div>\n<\/div>\n<\/div>\n<\/div>\n\n\n\n<div class=\"wp-block-columns is-layout-flex wp-container-core-columns-is-layout-e0e4babd wp-block-columns-is-layout-flex\" style=\"padding-right:0;padding-left:0\">\n<div class=\"wp-block-column is-layout-flow wp-block-column-is-layout-flow\" style=\"flex-basis:100%\">\n<div class=\"wp-block-columns is-layout-flex wp-container-core-columns-is-layout-28f84493 wp-block-columns-is-layout-flex\">\n<div class=\"wp-block-column is-layout-flow wp-block-column-is-layout-flow\" style=\"flex-basis:20%\">\n<p><\/p>\n<\/div>\n\n\n\n<div class=\"wp-block-column has-medium-font-size is-layout-flow wp-block-column-is-layout-flow\" style=\"padding-right:0;padding-left:0;flex-basis:70%\">\n<p style=\"text-align: justify; font-size: 16px;\">\nTitulaire du <b>Master de Psychologie Clinique et Psychoth\u00e9rapies<\/b> de l&rsquo;Universit\u00e9 Paris 8 et <b>coach certifi\u00e9e<\/b> suite \u00e0 la formation de 3 ans dispens\u00e9e par Osiris Conseil, je me suis \u00e9galement form\u00e9e \u00e0 diff\u00e9rentes approches.<\/p>\n\n\n\n<p style=\"text-align: justify; font-size: 16px;\">\nTout d&rsquo;abord, j&rsquo;adopte\u00a0une <b>approche analytique et humaniste-existentielle<\/b> pour <b>comprendre les causes<\/b> de votre mal-\u00eatre et vous accompagner dans une meilleure connaissance et acceptation de vous-m\u00eame.\n<br><i><span style=\"font-size: 14px;\">Appuyez sur les triangles pour afficher les informations.<\/span><\/i>\n<\/p>\n\n\n\n<div class=\"wp-block-columns is-layout-flex wp-container-core-columns-is-layout-28f84493 wp-block-columns-is-layout-flex\">\n<div class=\"wp-block-column is-layout-flow wp-block-column-is-layout-flow\" style=\"flex-basis:100%\">\n<details class=\"wp-block-details is-layout-flow wp-container-core-details-is-layout-f5bb311e wp-block-details-is-layout-flow\"><summary>Approche jungienne<\/summary>\n<p style=\"text-align: justify; font-size: 16px;\">\nL\u2019<b>approche Jungienne<\/b> ou psychologie analytique a \u00e9t\u00e9 \u00e9labor\u00e9e par Carl Gustav Jung, psychiatre suisse (1875-1961). Cette approche s\u2019attache \u00e0 accompagner la personne dans son <b>chemin d\u2019individuation<\/b> (c\u2019est-\u00e0-dire de r\u00e9alisation de soi dans son unicit\u00e9 la plus intime). Elle cherche \u00e0 faciliter l\u2019int\u00e9grit\u00e9 psychique de la personne en parvenant \u00e0 une harmonie avec l\u2019inconscient et \u00e0 ramener un \u00e9quilibre \u00e9motionnel.\n<\/p>\n\n\n\n<p style=\"text-align: justify; font-size: 16px;\">\nS\u2019appuyant sur une relation d\u2019alliance th\u00e9rapeutique o\u00f9 pr\u00e9valent respect, confiance, proximit\u00e9, cette th\u00e9rapie travaille avec l\u2019inconscient, le type de personnalit\u00e9 (MBTI) et les complexes qui impactent la personne. Elle utilise la conversation, l\u2019analyse des r\u00eaves, l\u2019association libre, la cr\u00e9ativit\u00e9.\n<\/p>\n\n\n\n<p class=\"has-small-font-size\"><\/p>\n<\/details>\n\n\n\n<details class=\"wp-block-details is-layout-flow wp-container-core-details-is-layout-8a368f38 wp-block-details-is-layout-flow\"><summary>CNV (Communication Non Violente)<\/summary>\n<p style=\"text-align: justify; font-size: 16px;transform: translateY(10px);\">\nLa <b>Communication Non Violente<\/b> (CNV) est une m\u00e9thode de communication d\u00e9finie par Marshall Rosenberg, psychologue am\u00e9ricain (1934-2015).\n<br>Son objectif est de \u00ab\u00a0favoriser l\u2019\u00e9lan du c\u0153ur et nous relier \u00e0 nous-m\u00eames et aux autres\u00a0\u00bb (M. Rosenberg).\n<br>Elle s\u2019appuie sur l\u2019empathie (et l\u2019auto-empathie) et invite \u00e0 descendre en soi en identifiant ses \u00e9motions et ses besoins et potentiellement une demande \u00e0 adresser \u00e0 l\u2019autre. L\u2019acte de communication s\u2019effectue donc \u00e0 partir de soi, ouvrant ainsi son monde \u00e0 l\u2019autre, tout en acceptant de se d\u00e9centrer de son propre point de vue, pour s\u2019ouvrir au monde de l\u2019autre.\n<br>L\u2019intention est mise sur le soin apport\u00e9 \u00e0 la relation\u00a0:\n<br>\u00ab\u00a0On a le choix dans notre vie entre \u00eatre heureux et avoir raison\u00a0\u00bb (M. Rosenberg).\n<\/p>\n\n\n\n<p class=\"has-small-font-size\"><\/p>\n\n\n\n<p class=\"has-small-font-size\"><\/p>\n<\/details>\n\n\n\n<details class=\"wp-block-details is-layout-flow wp-container-core-details-is-layout-22223934 wp-block-details-is-layout-flow\"><summary>IDS (L\u2019intelligence de Soi)<\/summary>\n<p style=\"text-align: justify; font-size: 16px;\">\nL&rsquo;<b>Intelligence de Soi<\/b>, \u00e9labor\u00e9e par Genevi\u00e8ve Cailloux et Pierre Cauvin, est une d\u00e9marche dont l\u2019objectif est d\u2019aider chacun \u00e0 se d\u00e9velopper dans toutes les dimensions de son \u00eatre, en respectant sa singularit\u00e9. Elle permet, en particulier, de se r\u00e9concilier avec des aspects de soi ignor\u00e9s ou reni\u00e9s et rend plus libres dans ses relation \u00e0 soi et aux autres.<\/p>\n\n\n\n<p style=\"text-align: justify; font-size: 16px;\">\nL\u2019IdS combine <b> deux d\u00e9marches <\/b> Jungiennes\u00a0: \n<ul style=\"text-align: justify; font-size: 16px; transform: translateY(-5px);\">\n        <li>La <b> typologie de Jung <\/b>  permet de caract\u00e9riser ses pr\u00e9f\u00e9rences de fonctionnement (questionnaire MBTI) et d\u2019aider \u00e0 comprendre d\u2019autres modes de fonctionnement.<\/li>\n        <li>Le <b> Dialogue Int\u00e9rieur<\/b>, d\u00e9velopp\u00e9 par Hal et Sidra Stone, permet d\u2019exp\u00e9rimenter les diff\u00e9rentes \u00e9nergies pr\u00e9sentes dans une situation, conscientes ou non, et d\u2019utiliser une posture centrale dite \u00ab Moi qui prend conscience \u00bb. De cette posture, le consultant peut appr\u00e9hender les facettes de sa personnalit\u00e9 interagissant dans la situation, soit de fa\u00e7on explicite, soit de fa\u00e7on insidieuse ou reni\u00e9e. Le th\u00e9rapeute accompagne le consultant \u00e0 diff\u00e9rencier le \u00ab Moi qui prend conscience \u00bb et les sous-personnalit\u00e9s rencontr\u00e9es en s\u00e9ance et \u00e0 limiter le pilotage automatique de certaines sous-personnalit\u00e9s. Cela conduit mieux s\u2019ajuster en fonction des situations et \u00e0 innover dans nos sch\u00e9mas relationnels.<\/li>\n    <\/ul>\n<style>\n    ul {\n        list-style-type: square; \/* Options: disc, circle, square, none *\/\n    }\n<\/style>\n<\/p>\n\n\n\n<p class=\"has-small-font-size\"><\/p>\n<\/details>\n\n\n\n<p style=\"text-align: justify; font-size: 16px;\">\nJe m&rsquo;appuie \u00e9galement sur\u00a0des <b>protocoles TCC <\/b>(th\u00e9rapies cognitivo-comportementales) pour <b>adresser les sympt\u00f4mes<\/b>.\n<br><i><span style=\"font-size: 14px;\">Appuyez sur les triangles pour afficher les informations.<\/span><\/i>\n<\/p>\n\n\n\n<details class=\"wp-block-details is-layout-flow wp-block-details-is-layout-flow\"><summary>La th\u00e9rapie d\u2019acceptation et d\u2019engagement<\/summary>\n<p style=\"text-align: justify; font-size: 16px;transform: translateY(-20px);\">\n(Acceptance and Commitment Therapie \u2013 ACT) est une th\u00e9rapie cognitivo-comportementale de 3\u00e8me\u00a0g\u00e9n\u00e9ration, \u00e9labor\u00e9e par Steven Hayes, psychologue am\u00e9ricain (1948) dont l\u2019objectif est d\u2019apprendre \u00e0 la personne \u00e0 se confronter \u00e0 des situations s\u2019av\u00e9rant difficiles pour elle et \u00e0 s\u2019y ajuster au mieux, plut\u00f4t que de chercher \u00e0 \u00e9viter ces situations, ce qui peut beaucoup la limiter dans sa vie.\n<br> Cette th\u00e9rapie vise \u00e0 am\u00e9liorer la flexibilit\u00e9 psychologique, qu\u2019elle mod\u00e9lise selon six processus\u00a0: la d\u00e9fusion cognitive, l\u2019acceptation, le moment pr\u00e9sent, l\u2019observation de soi, les valeurs et l\u2019engagement. Il s\u2019agit de travailler sa capacit\u00e9 \u00e0 \u00eatre en contact avec ses \u00e9motions et pens\u00e9es du moment pr\u00e9sent, et \u00e0 s\u2019engager dans l\u2019action au service de ses valeurs et objectifs.\n<\/p>\n<\/details>\n\n\n\n<details class=\"wp-block-details is-layout-flow wp-block-details-is-layout-flow\"><summary>La th\u00e9rapie par mouvements oculaires<\/summary>\n<p style=\"text-align: justify; font-size: 16px;transform: translateY(-20px);\">\n(Eye Movement Desensitization and Reprocessing \u2013 EMDR) a \u00e9t\u00e9 d\u00e9couverte par Francine Shapiro, psychologue am\u00e9ricaine (1948-2019). Son principe est de stimuler un m\u00e9canisme d\u2019auto-gu\u00e9rison pr\u00e9sent en chacun. Elle utilise les mouvements oculaires pour traiter les traumatismes psychologiques simples et toujours actifs (d\u00e9c\u00e8s, maladie, agression, accident\u2026), induisant des sympt\u00f4mes parfois tr\u00e8s invalidants\u00a0:\n<ul style=\"text-align: justify; font-size: 16px; transform: translateY(-42px);\">\n        <li>Images, pens\u00e9es, cauchemars r\u00e9p\u00e9titifs. Parfois flash-backs de la sc\u00e8ne traumatique. Ce qui peut g\u00e9n\u00e9rer peur ou sensations physiques (sueurs, p\u00e2leur, tachycardie\u2026).<\/li>\n        <li>Evitement de tout ce qui peut rappeler l\u2019\u00e9v\u00e9nement traumatique (pens\u00e9es, personnes, lieux), ce qui peut beaucoup limiter la vie sociale, familiale, professionnelle.<\/li>\n        <li>Parfois tristesse, manque de go\u00fbt et d\u2019\u00e9lan vital, indiff\u00e9rence.<\/li>\n        <li>Etat d\u2019hypervigilance, sursaut, irritabilit\u00e9, difficult\u00e9 de concentration, trouble du sommeil.<\/li>\n    <\/ul>\n<style>\n    ul {\n        list-style-type: square; \/* Options: disc, circle, square, none *\/\n    }\n<\/style>\n<\/p>\n<\/details>\n\n\n\n<details class=\"wp-block-details is-layout-flow wp-block-details-is-layout-flow\"><summary>L\u2019Int\u00e9gration des Cycles de Vie (ICV) <\/summary>\n<p style=\"text-align: justify; font-size: 16px;transform: translateY(-20px);\">\nCette th\u00e9rapie, d\u00e9velopp\u00e9e par Peggy Pace, psychoth\u00e9rapeute am\u00e9ricaine, permet aussi bien d\u2019int\u00e9grer un \u00e9v\u00e9nement traumatique donn\u00e9 (\u00e0 l\u2019instar de l\u2019EMDR) que d\u2019int\u00e9grer son histoire de vie dans sa globalit\u00e9 (comme des traumatismes complexes ou encore la r\u00e9p\u00e9tition d\u2019\u00e9v\u00e9nements d\u00e9sagr\u00e9ables pouvant s\u2019av\u00e9rer traumatique) et par suite, de se sentir s\u00e9curis\u00e9 par rapport \u00e0 cette histoire.\n<br>L&rsquo;ICV s\u2019appuie sur\u00a0:\u00a0\n<ul style=\"text-align: justify; font-size: 16px; transform: translateY(-42px);\">\n        <li>l\u2019accordage affectif qui permet au th\u00e9rapeute d\u2019\u00eatre connect\u00e9 \u00e0 ce qu\u2019il se passe pour le consultant et de s\u2019y adapter<\/li>\n        <li>la ligne du temps, compos\u00e9e des souvenirs (neutres, positifs, n\u00e9gatifs) du consultant<\/li>\n        <li>la r\u00e9p\u00e9tition de la ligne du temps, qui permet l\u2019int\u00e9gration neuronale et conduit \u00e0 un sentiment de continuit\u00e9 de la vie dans son ensemble, tout en int\u00e9grant le pass\u00e9 en tant que pass\u00e9 (et non plus actif dans le pr\u00e9sent).<\/li>\n    <\/ul>\n<style>\n    ul {\n        list-style-type: square; \/* Options: disc, circle, square, none *\/\n    }\n<\/style>\n<\/p>\n<\/details>\n\n\n\n<details class=\"wp-block-details is-layout-flow wp-block-details-is-layout-flow\"><summary>M\u00e9ditation guid\u00e9e<\/summary>\n<p><\/p>\n<\/details>\n\n\n\n<p style=\"text-align: justify; font-size: 16px;\">\nEn termes de <b>d\u00e9ontologie et d\u2019\u00e9thique<\/b>, j\u2019adh\u00e8re au  <b>code de d\u00e9ontologie des psychologues<\/b>, que vous pouvez consulter en cliquant sur le lien hypertexte ci-dessous: \n<\/p>\n\n\n\n<p style=\"font-size:0.9rem\"><a href=\"https:\/\/www.codededeontologiedespsychologues.fr\/wp-content\/uploads\/2021\/05\/Code_deontologie_psychologue_9-09-2021.pdf\">Code de d\u00e9ontologie<\/a><\/p>\n<\/div>\n<\/div>\n<\/div>\n\n\n\n<div class=\"wp-block-column is-layout-flow wp-block-column-is-layout-flow\"><\/div>\n\n\n\n<div class=\"wp-block-column is-layout-flow wp-block-column-is-layout-flow\" style=\"flex-basis:10%\"><\/div>\n<\/div>\n<\/div>\n<\/div>\n\n\n\n<p><\/p>\n","protected":false},"excerpt":{"rendered":"<p>Apprenez vos th\u00e9ories aussi bien que vous le pouvez, puis mettez-les de c\u00f4t\u00e9 quand vous entrez en contact avec le vivant miracle de l\u2019\u00e2me humaine. Carl Gustav Jung Titulaire du Master de Psychologie Clinique et Psychoth\u00e9rapies de l&rsquo;Universit\u00e9 Paris 8 et coach certifi\u00e9e suite \u00e0 la formation de 3 ans dispens\u00e9e par Osiris Conseil, je [&hellip;]<\/p>\n","protected":false},"author":1,"featured_media":0,"parent":0,"menu_order":0,"comment_status":"closed","ping_status":"closed","template":"banniere-2","meta":{"footnotes":""},"class_list":["post-207","page","type-page","status-publish","hentry"],"_links":{"self":[{"href":"https:\/\/laurencepapon.fr\/index.php\/wp-json\/wp\/v2\/pages\/207","targetHints":{"allow":["GET"]}}],"collection":[{"href":"https:\/\/laurencepapon.fr\/index.php\/wp-json\/wp\/v2\/pages"}],"about":[{"href":"https:\/\/laurencepapon.fr\/index.php\/wp-json\/wp\/v2\/types\/page"}],"author":[{"embeddable":true,"href":"https:\/\/laurencepapon.fr\/index.php\/wp-json\/wp\/v2\/users\/1"}],"replies":[{"embeddable":true,"href":"https:\/\/laurencepapon.fr\/index.php\/wp-json\/wp\/v2\/comments?post=207"}],"version-history":[{"count":182,"href":"https:\/\/laurencepapon.fr\/index.php\/wp-json\/wp\/v2\/pages\/207\/revisions"}],"predecessor-version":[{"id":1237,"href":"https:\/\/laurencepapon.fr\/index.php\/wp-json\/wp\/v2\/pages\/207\/revisions\/1237"}],"wp:attachment":[{"href":"https:\/\/laurencepapon.fr\/index.php\/wp-json\/wp\/v2\/media?parent=207"}],"curies":[{"name":"wp","href":"https:\/\/api.w.org\/{rel}","templated":true}]}}