{"id":247,"date":"2024-05-21T16:42:40","date_gmt":"2024-05-21T14:42:40","guid":{"rendered":"https:\/\/laurencepapon.fr\/?page_id=247"},"modified":"2025-11-04T00:10:57","modified_gmt":"2025-11-03T23:10:57","slug":"247-2","status":"publish","type":"page","link":"https:\/\/laurencepapon.fr\/index.php\/247-2\/","title":{"rendered":"Parcours"},"content":{"rendered":"\n<div class=\"wp-block-columns is-layout-flex wp-container-core-columns-is-layout-e0e4babd wp-block-columns-is-layout-flex\" style=\"padding-right:0;padding-left:0\">\n<div class=\"wp-block-column is-layout-flow wp-block-column-is-layout-flow\" style=\"flex-basis:100%\">\n<div class=\"wp-block-columns is-layout-flex wp-container-core-columns-is-layout-28f84493 wp-block-columns-is-layout-flex\">\n<div class=\"wp-block-column is-layout-flow wp-block-column-is-layout-flow\" style=\"padding-right:var(--wp--preset--spacing--40);padding-left:var(--wp--preset--spacing--40);flex-basis:35%\">\n<figure class=\"wp-block-image size-large is-resized is-style-rounded\"><img loading=\"lazy\" decoding=\"async\" width=\"1024\" height=\"1016\" src=\"https:\/\/laurencepapon.fr\/wp-content\/uploads\/2024\/07\/xxxxxx-1-1024x1016.jpg\" alt=\"\" class=\"wp-image-591\" style=\"width:230px\" srcset=\"https:\/\/laurencepapon.fr\/wp-content\/uploads\/2024\/07\/xxxxxx-1-1024x1016.jpg 1024w, https:\/\/laurencepapon.fr\/wp-content\/uploads\/2024\/07\/xxxxxx-1-300x298.jpg 300w, https:\/\/laurencepapon.fr\/wp-content\/uploads\/2024\/07\/xxxxxx-1-150x150.jpg 150w, https:\/\/laurencepapon.fr\/wp-content\/uploads\/2024\/07\/xxxxxx-1-768x762.jpg 768w, https:\/\/laurencepapon.fr\/wp-content\/uploads\/2024\/07\/xxxxxx-1.jpg 1200w\" sizes=\"auto, (max-width: 1024px) 100vw, 1024px\" \/><\/figure>\n<\/div>\n\n\n\n<div class=\"wp-block-column has-medium-font-size is-layout-flow wp-block-column-is-layout-flow\" style=\"padding-right:0;padding-left:0;flex-basis:70%\">\n<div style=\"text-align: justify; font-size: 14px; transform: translateY(25px);\">\n<i>\nNous nous d\u00e9lectons de la beaut\u00e9 du papillon, mais admettons rarement les changements qu&rsquo;il a travers\u00e9s pour r\u00e9aliser cette beaut\u00e9.\u00a0\u00a0\n<\/i><\/div>\n<div style=\"text-align: right; font-size: 12px;\"><i> Maya Angelou\n<\/i><\/div>\n\n\n\n<figure class=\"wp-block-image aligncenter size-full\"><img loading=\"lazy\" decoding=\"async\" width=\"1908\" height=\"306\" src=\"https:\/\/laurencepapon.fr\/wp-content\/uploads\/2024\/10\/psycologue-2.png\" alt=\"\" class=\"wp-image-873\" srcset=\"https:\/\/laurencepapon.fr\/wp-content\/uploads\/2024\/10\/psycologue-2.png 1908w, https:\/\/laurencepapon.fr\/wp-content\/uploads\/2024\/10\/psycologue-2-300x48.png 300w, https:\/\/laurencepapon.fr\/wp-content\/uploads\/2024\/10\/psycologue-2-1024x164.png 1024w, https:\/\/laurencepapon.fr\/wp-content\/uploads\/2024\/10\/psycologue-2-768x123.png 768w, https:\/\/laurencepapon.fr\/wp-content\/uploads\/2024\/10\/psycologue-2-1536x246.png 1536w\" sizes=\"auto, (max-width: 1908px) 100vw, 1908px\" \/><\/figure>\n\n\n\n<p class=\"has-text-align-right\" style=\"font-size:0.8rem\"><\/p>\n<\/div>\n\n\n\n<div class=\"wp-block-column is-layout-flow wp-block-column-is-layout-flow\" style=\"flex-basis:30%\"><\/div>\n<\/div>\n<\/div>\n<\/div>\n\n\n\n<div style=\"height:0px\" aria-hidden=\"true\" class=\"wp-block-spacer\"><\/div>\n\n\n\n<div class=\"wp-block-columns is-layout-flex wp-container-core-columns-is-layout-e0e4babd wp-block-columns-is-layout-flex\" style=\"padding-right:0;padding-left:0\">\n<div class=\"wp-block-column is-layout-flow wp-block-column-is-layout-flow\" style=\"flex-basis:100%\">\n<div class=\"wp-block-columns is-layout-flex wp-container-core-columns-is-layout-28f84493 wp-block-columns-is-layout-flex\">\n<div class=\"wp-block-column is-layout-flow wp-block-column-is-layout-flow\" style=\"flex-basis:20%\">\n<p><\/p>\n<\/div>\n\n\n\n<div class=\"wp-block-column has-medium-font-size is-layout-flow wp-block-column-is-layout-flow\" style=\"padding-right:0;padding-left:0;flex-basis:70%\">\n<p style=\"text-align: justify; font-size: 16px;\">J\u2019ai pass\u00e9 une premi\u00e8re partie de vie professionnelle en entreprise o\u00f9 j\u2019ai essentiellement manag\u00e9 des \u00e9quipes techniques dans des contextes de transformation.<\/p>\n\n\n\n<p style=\"text-align: justify; font-size: 16px;\">Tr\u00e8s sensible aux \u00eatres humains, aux relations humaines, \u00e0 la communication et \u00e0 l\u2019accompagnement des changements, je me suis form\u00e9e \u00e0 diff\u00e9rentes approches&nbsp;: coaching, accompagnement des transformations de fond de collectifs (entreprises, associations, etc.), psychologie clinique et psychoth\u00e9rapie. Mon optique \u00e9tait de me reconvertir pour accompagner en profondeur.<\/p><\/p>\n\n\n\n<p style=\"text-align: justify; font-size: 16px;\">Durant mes cinq ans de formation universitaire, j\u2019ai acquis de solides connaissances aussi bien th\u00e9oriques que pratiques. J\u2019ai d\u00e9couvert&nbsp;plusieurs structures et diff\u00e9rents publics (aussi bien des enfants et des adolescents que des adultes et des adultes \u00e2g\u00e9s), ce qui a affin\u00e9 ma pratique clinique. Je me suis form\u00e9e \u00e0 diff\u00e9rents protocoles et d\u00e9marches, tout en accompagnant de nombreuses personnes sur des probl\u00e9matiques tr\u00e8s vari\u00e9es. Tout cela afin de pouvoir proposer la meilleure prise en charge aux personnes qui le souhaitent.<\/p>\n\n\n\n<p style=\"text-align: justify; font-size: 16px;\">Vigilante sur la qualit\u00e9 de mon travail, je mets continuellement \u00e0 jour mes connaissances gr\u00e2ce \u00e0 de nouvelles formations, des conf\u00e9rences, des lectures et des groupes d\u2019\u00e9change entre professionnels du soin, pour toujours&nbsp;mieux vous accompagner dans votre d\u00e9marche d\u2019\u00e9panouissement en adaptant mes comp\u00e9tences et connaissances \u00e0 votre situation sp\u00e9cifique, vos attentes et vos besoins.<\/p>\n<\/div>\n\n\n\n<div class=\"wp-block-column is-layout-flow wp-block-column-is-layout-flow\" style=\"flex-basis:10%\"><\/div>\n<\/div>\n<\/div>\n<\/div>\n\n\n\n<div style=\"height:37px\" aria-hidden=\"true\" class=\"wp-block-spacer\"><\/div>\n\n\n\n<p class=\"has-small-font-size\"><\/p>\n","protected":false},"excerpt":{"rendered":"<p>Nous nous d\u00e9lectons de la beaut\u00e9 du papillon, mais admettons rarement les changements qu&rsquo;il a travers\u00e9s pour r\u00e9aliser cette beaut\u00e9.\u00a0\u00a0 Maya Angelou J\u2019ai pass\u00e9 une premi\u00e8re partie de vie professionnelle en entreprise o\u00f9 j\u2019ai essentiellement manag\u00e9 des \u00e9quipes techniques dans des contextes de transformation. Tr\u00e8s sensible aux \u00eatres humains, aux relations humaines, \u00e0 la communication [&hellip;]<\/p>\n","protected":false},"author":1,"featured_media":0,"parent":0,"menu_order":2,"comment_status":"closed","ping_status":"closed","template":"banniere-2","meta":{"footnotes":""},"class_list":["post-247","page","type-page","status-publish","hentry"],"_links":{"self":[{"href":"https:\/\/laurencepapon.fr\/index.php\/wp-json\/wp\/v2\/pages\/247","targetHints":{"allow":["GET"]}}],"collection":[{"href":"https:\/\/laurencepapon.fr\/index.php\/wp-json\/wp\/v2\/pages"}],"about":[{"href":"https:\/\/laurencepapon.fr\/index.php\/wp-json\/wp\/v2\/types\/page"}],"author":[{"embeddable":true,"href":"https:\/\/laurencepapon.fr\/index.php\/wp-json\/wp\/v2\/users\/1"}],"replies":[{"embeddable":true,"href":"https:\/\/laurencepapon.fr\/index.php\/wp-json\/wp\/v2\/comments?post=247"}],"version-history":[{"count":79,"href":"https:\/\/laurencepapon.fr\/index.php\/wp-json\/wp\/v2\/pages\/247\/revisions"}],"predecessor-version":[{"id":1117,"href":"https:\/\/laurencepapon.fr\/index.php\/wp-json\/wp\/v2\/pages\/247\/revisions\/1117"}],"wp:attachment":[{"href":"https:\/\/laurencepapon.fr\/index.php\/wp-json\/wp\/v2\/media?parent=247"}],"curies":[{"name":"wp","href":"https:\/\/api.w.org\/{rel}","templated":true}]}}